{"id":99,"date":"2017-01-24T22:06:46","date_gmt":"2017-01-24T22:06:46","guid":{"rendered":"http:\/\/dev.jary.se\/?page_id=99"},"modified":"2024-01-20T23:35:04","modified_gmt":"2024-01-20T22:35:04","slug":"cykelvagnar-mm","status":"publish","type":"page","link":"http:\/\/jary.se\/?page_id=99","title":{"rendered":"Cykelvagnar"},"content":{"rendered":"\n<p class=\"has-text-align-center\"><strong>Cykelvagnar<\/strong><\/p>\n\n\n<p>&nbsp;<\/p>\n<p><a href=\"http:\/\/dev.jary.se\/wp-content\/uploads\/2017\/01\/camper-van.jpg\"><img decoding=\"async\" loading=\"lazy\" class=\"aligncenter size-full wp-image-303\" src=\"http:\/\/dev.jary.se\/wp-content\/uploads\/2017\/01\/camper-van.jpg\" alt=\"\" width=\"640\" height=\"300\" srcset=\"http:\/\/jary.se\/wp-content\/uploads\/2017\/01\/camper-van.jpg 640w, http:\/\/jary.se\/wp-content\/uploads\/2017\/01\/camper-van-300x141.jpg 300w\" sizes=\"(max-width: 640px) 100vw, 640px\" \/><\/a><\/p>\n<p class=\"style1\" style=\"text-align: center;\"><span class=\"style22\">Med en cykelvagn klarar du m\u00e5nga transportbehov<\/span><\/p>\n<p class=\"style23\" style=\"text-align: center;\"><strong>Bike trailers for a better world<\/strong><br \/>\n<strong>Every journey with a trailer<\/strong><br \/>\n<strong>is a journey without a car<\/strong><\/p>\n<p class=\"style23\" style=\"text-align: center;\">&nbsp;<\/p>\n<figure id=\"attachment_305\" aria-describedby=\"caption-attachment-305\" style=\"width: 255px\" class=\"wp-caption alignleft\"><a href=\"http:\/\/dev.jary.se\/wp-content\/uploads\/2017\/01\/donkey_image.jpg\"><img decoding=\"async\" loading=\"lazy\" class=\"wp-image-305 size-medium\" src=\"http:\/\/dev.jary.se\/wp-content\/uploads\/2017\/01\/donkey_image-255x300.jpg\" alt=\"\" width=\"255\" height=\"300\" srcset=\"http:\/\/jary.se\/wp-content\/uploads\/2017\/01\/donkey_image-255x300.jpg 255w, http:\/\/jary.se\/wp-content\/uploads\/2017\/01\/donkey_image.jpg 275w\" sizes=\"(max-width: 255px) 100vw, 255px\" \/><\/a><figcaption id=\"caption-attachment-305\" class=\"wp-caption-text\"><span style=\"font-size: 16px;\"><strong>DONKEY<\/strong>, en annorlunda cykelvagn som passar utm\u00e4rkt att g\u00f6ra t.ex sina ink\u00f6p med. Ett lastgaller kan dela lastutrymmet i tv\u00e5 v\u00e5ningar. &nbsp;Den tar liten plats eftersom den st\u00e5r upp, ryms under hatthyllan. Pris: 3 500 kr<\/span><b>&nbsp;<\/b><\/figcaption><\/figure>\n<p>&nbsp;<\/p>\n<figure id=\"attachment_306\" aria-describedby=\"caption-attachment-306\" style=\"width: 225px\" class=\"wp-caption alignright\"><a href=\"http:\/\/dev.jary.se\/wp-content\/uploads\/2017\/01\/shoppingvagn.jpg\"><img decoding=\"async\" loading=\"lazy\" class=\"wp-image-306 size-medium\" src=\"http:\/\/dev.jary.se\/wp-content\/uploads\/2017\/01\/shoppingvagn-225x300.jpg\" alt=\"\" width=\"225\" height=\"300\" srcset=\"http:\/\/jary.se\/wp-content\/uploads\/2017\/01\/shoppingvagn-225x300.jpg 225w, http:\/\/jary.se\/wp-content\/uploads\/2017\/01\/shoppingvagn.jpg 300w\" sizes=\"(max-width: 225px) 100vw, 225px\" \/><\/a><figcaption id=\"caption-attachment-306\" class=\"wp-caption-text\"><span style=\"font-size: 16px;\"><strong>Shoppingvagn<\/strong> fr\u00e5n Andersen. Smidig att ta med till aff\u00e4ren, du slipper b\u00e4ra tunga kassar. Vid l\u00e4ngre transporter kopplas den till din cykel. Pris: 2 200 kr<\/span>&nbsp;&nbsp;&nbsp;<\/figcaption><\/figure>\n<p class=\"style23\" style=\"text-align: center;\">&nbsp;<\/p>\n<p class=\"style23\" style=\"text-align: center;\">&nbsp;<\/p>\n<p class=\"style23\" style=\"text-align: center;\">&nbsp;<\/p>\n<p class=\"style23\" style=\"text-align: center;\">&nbsp;<\/p>\n<p class=\"style23\" style=\"text-align: center;\">&nbsp;<\/p>\n<figure id=\"attachment_546\" aria-describedby=\"caption-attachment-546\" style=\"width: 748px\" class=\"wp-caption aligncenter\"><a href=\"http:\/\/dev.jary.se\/wp-content\/uploads\/2017\/01\/1_FollowMe_Front-1.jpg\"><img decoding=\"async\" loading=\"lazy\" class=\"wp-image-546 size-full\" src=\"http:\/\/dev.jary.se\/wp-content\/uploads\/2017\/01\/1_FollowMe_Front-1.jpg\" width=\"748\" height=\"449\" srcset=\"http:\/\/jary.se\/wp-content\/uploads\/2017\/01\/1_FollowMe_Front-1.jpg 748w, http:\/\/jary.se\/wp-content\/uploads\/2017\/01\/1_FollowMe_Front-1-300x180.jpg 300w\" sizes=\"(max-width: 706px) 89vw, (max-width: 767px) 82vw, 740px\" \/><\/a><figcaption id=\"caption-attachment-546\" class=\"wp-caption-text\"><span style=\"font-size: 16px;\"><strong>FOLLOW ME<\/strong> kan du koppla till ditt barns befintliga cykel. Pris: 2 895 kr<\/span><\/figcaption><\/figure>\n<p class=\"style23\" style=\"text-align: center;\">&nbsp;&nbsp;<\/p>\n<figure id=\"attachment_310\" aria-describedby=\"caption-attachment-310\" style=\"width: 200px\" class=\"wp-caption alignleft\"><a href=\"http:\/\/dev.jary.se\/wp-content\/uploads\/2017\/01\/BOB-yak-64.jpg\"><img decoding=\"async\" loading=\"lazy\" class=\"wp-image-310 size-full\" src=\"http:\/\/dev.jary.se\/wp-content\/uploads\/2017\/01\/BOB-yak-64.jpg\" width=\"200\" height=\"190\"><\/a><figcaption id=\"caption-attachment-310\" class=\"wp-caption-text\"><span style=\"font-size: 16px;\"><strong>B.O.B. YAK<\/strong> enhjulig cykelvagn, Passar fint f\u00f6r de lite l\u00e4ngre turerna. En vattent\u00e4t packs\u00e4ck om 70 liter ing\u00e5r. Pris: 6300 kr.<\/span><\/figcaption><\/figure>\n<figure id=\"attachment_414\" aria-describedby=\"caption-attachment-414\" style=\"width: 300px\" class=\"wp-caption alignright\"><a href=\"http:\/\/dev.jary.se\/wp-content\/uploads\/2017\/01\/fahrradanhaenger_carrie_03.jpg\"><img decoding=\"async\" loading=\"lazy\" class=\"wp-image-414 size-medium\" src=\"http:\/\/dev.jary.se\/wp-content\/uploads\/2017\/01\/fahrradanhaenger_carrie_03-300x179.jpg\" width=\"300\" height=\"179\" srcset=\"http:\/\/jary.se\/wp-content\/uploads\/2017\/01\/fahrradanhaenger_carrie_03-300x179.jpg 300w, http:\/\/jary.se\/wp-content\/uploads\/2017\/01\/fahrradanhaenger_carrie_03.jpg 550w\" sizes=\"(max-width: 300px) 100vw, 300px\" \/><\/a><figcaption id=\"caption-attachment-414\" class=\"wp-caption-text\"><span style=\"font-size: 16px;\"><strong>Roland<\/strong> modell <strong>Carrier M<\/strong> med m\u00e5nga m\u00f6jligheter, sidovv\u00e4ggear i flera v\u00e5ningar, reling, kapell eller lock. Dragst\u00e5ngen kan \u00e4ndras f\u00f6r att kunna dra den. Tar hem p\u00e5 best\u00e4llning<\/span><\/figcaption><\/figure>\n<p class=\"style23\" style=\"text-align: center;\"><b>&nbsp;<\/b><\/p>\n<p>&nbsp;<\/p>\n<p>&nbsp;<\/p>\n<p>&nbsp;<\/p>\n<p>&nbsp;<\/p>\n<p>&nbsp;<\/p>\n<p>&nbsp;<\/p>\n<p>&nbsp;<\/p>\n<figure id=\"attachment_416\" aria-describedby=\"caption-attachment-416\" style=\"width: 940px\" class=\"wp-caption alignnone\"><a href=\"http:\/\/dev.jary.se\/wp-content\/uploads\/2017\/01\/carry-freedom.jpg\"><img decoding=\"async\" loading=\"lazy\" class=\"wp-image-416 size-full\" src=\"http:\/\/dev.jary.se\/wp-content\/uploads\/2017\/01\/carry-freedom.jpg\" width=\"940\" height=\"412\" srcset=\"http:\/\/jary.se\/wp-content\/uploads\/2017\/01\/carry-freedom.jpg 940w, http:\/\/jary.se\/wp-content\/uploads\/2017\/01\/carry-freedom-300x131.jpg 300w, http:\/\/jary.se\/wp-content\/uploads\/2017\/01\/carry-freedom-768x337.jpg 768w\" sizes=\"(max-width: 706px) 89vw, (max-width: 767px) 82vw, 740px\" \/><\/a><figcaption id=\"caption-attachment-416\" class=\"wp-caption-text\"><span style=\"font-size: 16px;\"><strong>Carry fredoom Y&nbsp; <\/strong>En genialiska vagn som fraktar det mesta. I sin enkelhet \u00e4r det bara en plan yta d\u00e4r du sp\u00e4nner fast ditt bagage. Dragst\u00e5ngen kan kompletteras f\u00f6r l\u00e5nga transporter, hjulen demonteras l\u00e4tt. Y&nbsp;small med 16&#8243; hjul. Finns \u00e4ven med 20&#8243; hjul.<\/span><\/figcaption><\/figure>\n<p class=\"style23\" style=\"text-align: center;\"><b>&nbsp;<\/b><\/p>\n<figure id=\"attachment_417\" aria-describedby=\"caption-attachment-417\" style=\"width: 300px\" class=\"wp-caption alignleft\"><a href=\"http:\/\/dev.jary.se\/wp-content\/uploads\/2017\/01\/radical-design-cyclone.jpg\"><img decoding=\"async\" loading=\"lazy\" class=\"wp-image-417 size-medium\" src=\"http:\/\/dev.jary.se\/wp-content\/uploads\/2017\/01\/radical-design-cyclone-300x200.jpg\" width=\"300\" height=\"200\" srcset=\"http:\/\/jary.se\/wp-content\/uploads\/2017\/01\/radical-design-cyclone-300x200.jpg 300w, http:\/\/jary.se\/wp-content\/uploads\/2017\/01\/radical-design-cyclone.jpg 600w\" sizes=\"(max-width: 300px) 100vw, 300px\" \/><\/a><figcaption id=\"caption-attachment-417\" class=\"wp-caption-text\"><span style=\"font-size: 16px;\"><strong>Cyclone<\/strong> fr\u00e5n <strong>Radicaldesign<\/strong> \u00e4r en flexibel k\u00e4rra som rymmer 100 l. Hjulen kan l\u00e4tt tas bort, monteras de i ett bakre f\u00e4ste drar du den l\u00e4tt f\u00f6r hand p\u00e5 t.ex. stationen. Med en rem kan du b\u00e4ra den \u00f6ver axeln. Tar hem p\u00e5 best\u00e4llning<\/span><\/figcaption><\/figure>\n<figure id=\"attachment_420\" aria-describedby=\"caption-attachment-420\" style=\"width: 300px\" class=\"wp-caption alignright\"><a href=\"http:\/\/dev.jary.se\/wp-content\/uploads\/2017\/01\/christiania-k\u00e4rra.jpg\"><img decoding=\"async\" loading=\"lazy\" class=\"wp-image-420 size-medium\" src=\"http:\/\/dev.jary.se\/wp-content\/uploads\/2017\/01\/christiania-k\u00e4rra-300x222.jpg\" width=\"300\" height=\"222\" srcset=\"http:\/\/jary.se\/wp-content\/uploads\/2017\/01\/christiania-k\u00e4rra-300x222.jpg 300w, http:\/\/jary.se\/wp-content\/uploads\/2017\/01\/christiania-k\u00e4rra.jpg 550w\" sizes=\"(max-width: 300px) 100vw, 300px\" \/><\/a><figcaption id=\"caption-attachment-420\" class=\"wp-caption-text\"><span style=\"font-size: 16px;\"><strong>Christiania standard<\/strong>, denna cykelk\u00e4rra kommer fr\u00e5n samma tillverkare som g\u00f6r de v\u00e4lk\u00e4nda transportcyklarna. Genom att ers\u00e4tta cykeldraget med ett draghandtag, kan den g\u00f6ra tj\u00e4nst vid tr\u00e4dg\u00e5rdsarbete.&nbsp;Tar hem p\u00e5 best\u00e4llning.<\/span><\/figcaption><\/figure>","protected":false},"excerpt":{"rendered":"<p>Cykelvagnar &nbsp; Med en cykelvagn klarar du m\u00e5nga transportbehov Bike trailers for a better world Every journey with a trailer is a journey without a car &nbsp; &nbsp; &nbsp; &nbsp; &nbsp; &nbsp; &nbsp; &nbsp;&nbsp; &nbsp; &nbsp; &nbsp; &nbsp; &nbsp; &nbsp; &nbsp; &nbsp; &nbsp;<\/p>\n","protected":false},"author":1,"featured_media":0,"parent":0,"menu_order":0,"comment_status":"closed","ping_status":"closed","template":"","meta":{"footnotes":""},"_links":{"self":[{"href":"http:\/\/jary.se\/index.php?rest_route=\/wp\/v2\/pages\/99"}],"collection":[{"href":"http:\/\/jary.se\/index.php?rest_route=\/wp\/v2\/pages"}],"about":[{"href":"http:\/\/jary.se\/index.php?rest_route=\/wp\/v2\/types\/page"}],"author":[{"embeddable":true,"href":"http:\/\/jary.se\/index.php?rest_route=\/wp\/v2\/users\/1"}],"replies":[{"embeddable":true,"href":"http:\/\/jary.se\/index.php?rest_route=%2Fwp%2Fv2%2Fcomments&post=99"}],"version-history":[{"count":37,"href":"http:\/\/jary.se\/index.php?rest_route=\/wp\/v2\/pages\/99\/revisions"}],"predecessor-version":[{"id":1392,"href":"http:\/\/jary.se\/index.php?rest_route=\/wp\/v2\/pages\/99\/revisions\/1392"}],"wp:attachment":[{"href":"http:\/\/jary.se\/index.php?rest_route=%2Fwp%2Fv2%2Fmedia&parent=99"}],"curies":[{"name":"wp","href":"https:\/\/api.w.org\/{rel}","templated":true}]}}