{"id":976,"date":"2021-10-13T17:16:02","date_gmt":"2021-10-13T17:16:02","guid":{"rendered":"http:\/\/jary.se\/?page_id=976"},"modified":"2024-01-20T23:25:18","modified_gmt":"2024-01-20T22:25:18","slug":"vello","status":"publish","type":"page","link":"http:\/\/jary.se\/?page_id=976","title":{"rendered":"Vello"},"content":{"rendered":"\n<p class=\"has-text-align-center\"><strong>Vello<\/strong><\/p>\n\n\n<p>&nbsp;<\/p>\n<p><img decoding=\"async\" loading=\"lazy\" class=\"size-medium wp-image-999 aligncenter\" src=\"http:\/\/jary.se\/wp-content\/uploads\/2021\/11\/Vello-300x300.png\" alt=\"\" width=\"300\" height=\"300\" srcset=\"http:\/\/jary.se\/wp-content\/uploads\/2021\/11\/Vello-300x300.png 300w, http:\/\/jary.se\/wp-content\/uploads\/2021\/11\/Vello-150x150.png 150w, http:\/\/jary.se\/wp-content\/uploads\/2021\/11\/Vello-100x100.png 100w, http:\/\/jary.se\/wp-content\/uploads\/2021\/11\/Vello.png 497w\" sizes=\"(max-width: 300px) 100vw, 300px\" \/><\/p>\n<p style=\"text-align: center;\"><strong>Vello<\/strong> \u00e4r en l\u00e4tt och smidig vikcykel, som tillverkas i \u00d6sterrike.<br \/>\nDen finns i flera varianter, med eller utan el, kedjev\u00e4xel&nbsp; eller navv\u00e4xel.<br \/>\nden kan ocks\u00e5 f\u00e5s med remdrift.<br \/>\nMed Titanram och specialkomponenter blir vikten 9,9 kg<\/p>","protected":false},"excerpt":{"rendered":"<p>Vello &nbsp; Vello \u00e4r en l\u00e4tt och smidig vikcykel, som tillverkas i \u00d6sterrike. Den finns i flera varianter, med eller utan el, kedjev\u00e4xel&nbsp; eller navv\u00e4xel. den kan ocks\u00e5 f\u00e5s med remdrift. Med Titanram och specialkomponenter blir vikten 9,9 kg<\/p>\n","protected":false},"author":1,"featured_media":0,"parent":0,"menu_order":0,"comment_status":"closed","ping_status":"closed","template":"","meta":{"footnotes":""},"_links":{"self":[{"href":"http:\/\/jary.se\/index.php?rest_route=\/wp\/v2\/pages\/976"}],"collection":[{"href":"http:\/\/jary.se\/index.php?rest_route=\/wp\/v2\/pages"}],"about":[{"href":"http:\/\/jary.se\/index.php?rest_route=\/wp\/v2\/types\/page"}],"author":[{"embeddable":true,"href":"http:\/\/jary.se\/index.php?rest_route=\/wp\/v2\/users\/1"}],"replies":[{"embeddable":true,"href":"http:\/\/jary.se\/index.php?rest_route=%2Fwp%2Fv2%2Fcomments&post=976"}],"version-history":[{"count":5,"href":"http:\/\/jary.se\/index.php?rest_route=\/wp\/v2\/pages\/976\/revisions"}],"predecessor-version":[{"id":1382,"href":"http:\/\/jary.se\/index.php?rest_route=\/wp\/v2\/pages\/976\/revisions\/1382"}],"wp:attachment":[{"href":"http:\/\/jary.se\/index.php?rest_route=%2Fwp%2Fv2%2Fmedia&parent=976"}],"curies":[{"name":"wp","href":"https:\/\/api.w.org\/{rel}","templated":true}]}}