{"id":62,"date":"2017-01-24T21:33:13","date_gmt":"2017-01-24T21:33:13","guid":{"rendered":"http:\/\/dev.jary.se\/?page_id=62"},"modified":"2023-08-09T17:06:25","modified_gmt":"2023-08-09T17:06:25","slug":"om-jary","status":"publish","type":"page","link":"http:\/\/jary.se\/?page_id=62","title":{"rendered":"Om Jary"},"content":{"rendered":"<p style=\"text-align: center;\">\n<p style=\"text-align: center;\"><a href=\"http:\/\/dev.jary.se\/wp-content\/uploads\/2017\/01\/janne.jpg\"><img decoding=\"async\" loading=\"lazy\" class=\"size-large wp-image-283 aligncenter\" src=\"http:\/\/dev.jary.se\/wp-content\/uploads\/2017\/01\/janne-1024x682.jpg\" alt=\"\" width=\"525\" height=\"350\" srcset=\"http:\/\/jary.se\/wp-content\/uploads\/2017\/01\/janne-1024x682.jpg 1024w, http:\/\/jary.se\/wp-content\/uploads\/2017\/01\/janne-300x200.jpg 300w, http:\/\/jary.se\/wp-content\/uploads\/2017\/01\/janne-768x512.jpg 768w, http:\/\/jary.se\/wp-content\/uploads\/2017\/01\/janne.jpg 1042w\" sizes=\"(max-width: 525px) 100vw, 525px\" \/><\/a><\/p>\n<p style=\"text-align: center;\">F\u00f6retagsnamnet JARY kommer fr\u00e5n de tv\u00e5 f\u00f6rsta bokst\u00e4vern i mitt f\u00f6rnamn respektive efternamn Janne Rydman.<\/p>\n<p style=\"text-align: center;\">F\u00e5glarna i loggan \u00e4r ett knip-par som lyfter fr\u00e5n skogstj\u00e4rnen,<br \/>\ndet h\u00f6rs ett visslande ljud fr\u00e5n deras vingar- s\u00f6k friheten, uppt\u00e4ck omgivningen!<br \/>\nVerksamheten har jag haft sedan tidigt 90 tal.<\/p>\n<p style=\"text-align: center;\">Jag har ett stort intresse f\u00f6r friluftsliv och cykling, d\u00e4rf\u00f6r var det naturligt att det var friluftsprodukter jag b\u00f6rjade med. Efterhand har jag specialiserat mig p\u00e5\u00a0cyklar.<\/p>\n<p style=\"text-align: center;\">Jag blev tidigt fascinerad av liggcyklar och andra typer av cyklar som inte \u00e4r s\u00e5 vanliga i en cykelbutik men som kan vara just den cykel som skulle passa dig.<\/p>\n<p style=\"text-align: center;\">Det har blivit l\u00e4ngre turer p\u00e5 cykel h\u00e4r i Sverige men \u00e4ven utomlands i Europa.<\/p>\n<p style=\"text-align: center;\">Jag har m\u00e5nga kontakter b\u00e5de h\u00e4r hemma och l\u00e4ngre bort och har p\u00e5 detta s\u00e4tt skapat ett intressant utbud av cyklar, tillsammans med\u00a0utrustning som passar f\u00f6r cykling.<\/p>\n<p style=\"text-align: center;\">\n<p style=\"text-align: center;\">\n<p style=\"text-align: center;\">\n<p style=\"text-align: center;\">\n","protected":false},"excerpt":{"rendered":"<p>F\u00f6retagsnamnet JARY kommer fr\u00e5n de tv\u00e5 f\u00f6rsta bokst\u00e4vern i mitt f\u00f6rnamn respektive efternamn Janne Rydman. F\u00e5glarna i loggan \u00e4r ett knip-par som lyfter fr\u00e5n skogstj\u00e4rnen, det h\u00f6rs ett visslande ljud fr\u00e5n deras vingar- s\u00f6k friheten, uppt\u00e4ck omgivningen! Verksamheten har jag haft sedan tidigt 90 tal. Jag har ett stort intresse f\u00f6r friluftsliv och cykling, d\u00e4rf\u00f6r &hellip; <\/p>\n<p class=\"link-more\"><a href=\"http:\/\/jary.se\/?page_id=62\" class=\"more-link\">Forts\u00e4tt l\u00e4sa<span class=\"screen-reader-text\"> &#8221;Om Jary&#8221;<\/span><\/a><\/p>\n","protected":false},"author":1,"featured_media":0,"parent":0,"menu_order":0,"comment_status":"closed","ping_status":"closed","template":"","meta":{"footnotes":""},"_links":{"self":[{"href":"http:\/\/jary.se\/index.php?rest_route=\/wp\/v2\/pages\/62"}],"collection":[{"href":"http:\/\/jary.se\/index.php?rest_route=\/wp\/v2\/pages"}],"about":[{"href":"http:\/\/jary.se\/index.php?rest_route=\/wp\/v2\/types\/page"}],"author":[{"embeddable":true,"href":"http:\/\/jary.se\/index.php?rest_route=\/wp\/v2\/users\/1"}],"replies":[{"embeddable":true,"href":"http:\/\/jary.se\/index.php?rest_route=%2Fwp%2Fv2%2Fcomments&post=62"}],"version-history":[{"count":13,"href":"http:\/\/jary.se\/index.php?rest_route=\/wp\/v2\/pages\/62\/revisions"}],"predecessor-version":[{"id":1116,"href":"http:\/\/jary.se\/index.php?rest_route=\/wp\/v2\/pages\/62\/revisions\/1116"}],"wp:attachment":[{"href":"http:\/\/jary.se\/index.php?rest_route=%2Fwp%2Fv2%2Fmedia&parent=62"}],"curies":[{"name":"wp","href":"https:\/\/api.w.org\/{rel}","templated":true}]}}

<p style="text-align: center;">
<p style="text-align: center;"><a href="http://dev.jary.se/wp-content/uploads/2017/01/janne.jpg"><img decoding="async" loading="lazy" class="size-large wp-image-283 aligncenter" src="http://dev.jary.se/wp-content/uploads/2017/01/janne-1024x682.jpg" alt="" width="525" height="350" srcset="http://jary.se/wp-content/uploads/2017/01/janne-1024x682.jpg 1024w, http://jary.se/wp-content/uploads/2017/01/janne-300x200.jpg 300w, http://jary.se/wp-content/uploads/2017/01/janne-768x512.jpg 768w, http://jary.se/wp-content/uploads/2017/01/janne.jpg 1042w" sizes="(max-width: 525px) 100vw, 525px" /></a></p>
<p style="text-align: center;">Företagsnamnet JARY kommer från de två första bokstävern i mitt förnamn respektive efternamn Janne Rydman.</p>
<p style="text-align: center;">Fåglarna i loggan är ett knip-par som lyfter från skogstjärnen,<br />
det hörs ett visslande ljud från deras vingar- sök friheten, upptäck omgivningen!<br />
Verksamheten har jag haft sedan tidigt 90 tal.</p>
<p style="text-align: center;">Jag har ett stort intresse för friluftsliv och cykling, därför var det naturligt att det var friluftsprodukter jag började med. Efterhand har jag specialiserat mig på cyklar.</p>
<p style="text-align: center;">Jag blev tidigt fascinerad av liggcyklar och andra typer av cyklar som inte är så vanliga i en cykelbutik men som kan vara just den cykel som skulle passa dig.</p>
<p style="text-align: center;">Det har blivit längre turer på cykel här i Sverige men även utomlands i Europa.</p>
<p style="text-align: center;">Jag har många kontakter både här hemma och längre bort och har på detta sätt skapat ett intressant utbud av cyklar, tillsammans med utrustning som passar för cykling.</p>
<p style="text-align: center;">
<p style="text-align: center;">
<p style="text-align: center;">
<p style="text-align: center;">

<p>Företagsnamnet JARY kommer från de två första bokstävern i mitt förnamn respektive efternamn Janne Rydman. Fåglarna i loggan är ett knip-par som lyfter från skogstjärnen, det hörs ett visslande ljud från deras vingar- sök friheten, upptäck omgivningen! Verksamheten har jag haft sedan tidigt 90 tal. Jag har ett stort intresse för friluftsliv och cykling, därför &hellip; </p>
<p class="link-more"><a href="http://jary.se/?page_id=62" class="more-link">Fortsätt läsa<span class="screen-reader-text"> &#8221;Om Jary&#8221;</span></a></p>
