{"id":502,"date":"2017-02-17T18:32:41","date_gmt":"2017-02-17T18:32:41","guid":{"rendered":"http:\/\/dev.jary.se\/?page_id=502"},"modified":"2024-01-20T23:37:39","modified_gmt":"2024-01-20T22:37:39","slug":"tillbehor","status":"publish","type":"page","link":"http:\/\/jary.se\/?page_id=502","title":{"rendered":"Tillbeh\u00f6r"},"content":{"rendered":"\n<p class=\"has-text-align-center\"><strong>Tillbeh\u00f6r<\/strong><\/p>\n\n\n<p class=\"style1\" style=\"text-align: center;\"><a href=\"http:\/\/dev.jary.se\/wp-content\/uploads\/2017\/02\/banvllsleden.jpg\"><img decoding=\"async\" loading=\"lazy\" class=\"size-full wp-image-513 aligncenter\" src=\"http:\/\/dev.jary.se\/wp-content\/uploads\/2017\/02\/banvllsleden.jpg\" alt=\"\" width=\"845\" height=\"634\" srcset=\"http:\/\/jary.se\/wp-content\/uploads\/2017\/02\/banvllsleden.jpg 845w, http:\/\/jary.se\/wp-content\/uploads\/2017\/02\/banvllsleden-300x225.jpg 300w, http:\/\/jary.se\/wp-content\/uploads\/2017\/02\/banvllsleden-768x576.jpg 768w\" sizes=\"(max-width: 706px) 89vw, (max-width: 767px) 82vw, 740px\" \/><\/a>\u00a0<br \/><span style=\"font-size: 16px;\">Vardagscyklingen kan bli till turer i Sverige och Europa. <span class=\"style2\"><br \/><\/span>Funktionella och praktiska tillbeh\u00f6r underl\u00e4ttar din f\u00e4rd. <strong><br \/><\/strong><\/span><\/p>\n<p class=\"style1\" style=\"text-align: center;\">\u00a0<\/p>\n<figure id=\"attachment_233\" aria-describedby=\"caption-attachment-233\" style=\"width: 300px\" class=\"wp-caption alignright\"><a href=\"http:\/\/dev.jary.se\/wp-content\/uploads\/2017\/01\/jackson1.png\"><img decoding=\"async\" loading=\"lazy\" class=\"wp-image-233 size-medium\" src=\"http:\/\/dev.jary.se\/wp-content\/uploads\/2017\/01\/jackson1-300x300.png\" width=\"300\" height=\"300\" srcset=\"http:\/\/jary.se\/wp-content\/uploads\/2017\/01\/jackson1-300x300.png 300w, http:\/\/jary.se\/wp-content\/uploads\/2017\/01\/jackson1-150x150.png 150w, http:\/\/jary.se\/wp-content\/uploads\/2017\/01\/jackson1-100x100.png 100w, http:\/\/jary.se\/wp-content\/uploads\/2017\/01\/jackson1.png 400w\" sizes=\"(max-width: 300px) 100vw, 300px\" \/><\/a><figcaption id=\"caption-attachment-233\" class=\"wp-caption-text\"><span style=\"color: #000000;\">ribcap, hj\u00e4lmm\u00f6ssan har 60-80 % skydd j\u00e4mf\u00f6rt med en vanlig cykelhj\u00e4lm.<\/span><\/figcaption><\/figure>\n<figure id=\"attachment_514\" aria-describedby=\"caption-attachment-514\" style=\"width: 300px\" class=\"wp-caption alignleft\"><a href=\"http:\/\/dev.jary.se\/wp-content\/uploads\/2017\/02\/brighthelmet.jpg\"><img decoding=\"async\" loading=\"lazy\" class=\"wp-image-514 size-medium\" src=\"http:\/\/dev.jary.se\/wp-content\/uploads\/2017\/02\/brighthelmet-300x225.jpg\" width=\"300\" height=\"225\" srcset=\"http:\/\/jary.se\/wp-content\/uploads\/2017\/02\/brighthelmet-300x225.jpg 300w, http:\/\/jary.se\/wp-content\/uploads\/2017\/02\/brighthelmet.jpg 400w\" sizes=\"(max-width: 300px) 100vw, 300px\" \/><\/a><figcaption id=\"caption-attachment-514\" class=\"wp-caption-text\"><span style=\"color: #000000;\">Brighthelmet med inbyggda ljusdioder f\u00f6r b\u00e4ttre synlighet.<\/span><\/figcaption><\/figure>\n<p class=\"style1\" style=\"text-align: left;\">\u00a0 \u00a0 \u00a0 \u00a0 \u00a0 \u00a0 \u00a0 \u00a0 \u00a0 \u00a0 \u00a0 \u00a0 \u00a0 \u00a0 \u00a0 \u00a0 \u00a0 \u00a0 \u00a0 \u00a0 \u00a0 \u00a0 \u00a0 \u00a0 \u00a0 \u00a0 \u00a0 \u00a0 \u00a0 \u00a0 \u00a0 \u00a0 \u00a0 \u00a0 \u00a0 \u00a0 \u00a0 \u00a0 \u00a0 \u00a0 \u00a0 \u00a0 \u00a0 \u00a0 \u00a0<br \/>\u00a0 \u00a0 \u00a0 \u00a0 \u00a0 \u00a0 \u00a0 \u00a0 \u00a0 \u00a0 \u00a0 \u00a0 \u00a0 \u00a0 \u00a0 \u00a0 \u00a0 \u00a0 \u00a0 \u00a0 \u00a0 \u00a0 \u00a0 \u00a0 \u00a0 \u00a0 \u00a0 \u00a0 \u00a0 \u00a0 \u00a0 \u00a0 \u00a0 \u00a0 \u00a0 \u00a0 \u00a0 \u00a0 \u00a0 \u00a0 \u00a0 \u00a0 \u00a0 \u00a0 \u00a0 \u00a0 \u00a0\u00a0<\/p>\n<figure id=\"attachment_517\" aria-describedby=\"caption-attachment-517\" style=\"width: 300px\" class=\"wp-caption alignleft\"><a href=\"http:\/\/dev.jary.se\/wp-content\/uploads\/2017\/02\/verktyg.jpg\"><img decoding=\"async\" loading=\"lazy\" class=\"wp-image-517 size-medium\" src=\"http:\/\/dev.jary.se\/wp-content\/uploads\/2017\/02\/verktyg-300x225.jpg\" width=\"300\" height=\"225\" srcset=\"http:\/\/jary.se\/wp-content\/uploads\/2017\/02\/verktyg-300x225.jpg 300w, http:\/\/jary.se\/wp-content\/uploads\/2017\/02\/verktyg.jpg 400w\" sizes=\"(max-width: 300px) 100vw, 300px\" \/><\/a><figcaption id=\"caption-attachment-517\" class=\"wp-caption-text\"><span style=\"color: #000000;\">Bra att kunna fixa lite sm\u00e5fel<\/span><\/figcaption><\/figure>\n<figure id=\"attachment_515\" aria-describedby=\"caption-attachment-515\" style=\"width: 300px\" class=\"wp-caption alignright\"><a href=\"http:\/\/dev.jary.se\/wp-content\/uploads\/2017\/02\/repsats.jpg\"><img decoding=\"async\" loading=\"lazy\" class=\"wp-image-515 size-medium\" src=\"http:\/\/dev.jary.se\/wp-content\/uploads\/2017\/02\/repsats-300x225.jpg\" width=\"300\" height=\"225\" srcset=\"http:\/\/jary.se\/wp-content\/uploads\/2017\/02\/repsats-300x225.jpg 300w, http:\/\/jary.se\/wp-content\/uploads\/2017\/02\/repsats.jpg 400w\" sizes=\"(max-width: 300px) 100vw, 300px\" \/><\/a><figcaption id=\"caption-attachment-515\" class=\"wp-caption-text\"><span style=\"color: #000000;\">Eller att laga en punktering<\/span><\/figcaption><\/figure>\n<p class=\"style1\" style=\"text-align: left;\"><a href=\"http:\/\/dev.jary.se\/wp-content\/uploads\/2017\/02\/verktyg.jpg\"><br \/><\/a>\u00a0 \u00a0 \u00a0 \u00a0 \u00a0 \u00a0 \u00a0 \u00a0 \u00a0 \u00a0 \u00a0 \u00a0 \u00a0 \u00a0 \u00a0 \u00a0 \u00a0 \u00a0 \u00a0 \u00a0 \u00a0 \u00a0 \u00a0 \u00a0 \u00a0 \u00a0 \u00a0 \u00a0 \u00a0 \u00a0 \u00a0 \u00a0 \u00a0 \u00a0 \u00a0 \u00a0 \u00a0 \u00a0 \u00a0 \u00a0 \u00a0 \u00a0 \u00a0 \u00a0 \u00a0 \u00a0 \u00a0 \u00a0 \u00a0 \u00a0 \u00a0 \u00a0 \u00a0 \u00a0 \u00a0 \u00a0 \u00a0 \u00a0 \u00a0 \u00a0 \u00a0 \u00a0 \u00a0 \u00a0 \u00a0 \u00a0 \u00a0 \u00a0 \u00a0 \u00a0 \u00a0 \u00a0 \u00a0 \u00a0 \u00a0 \u00a0 \u00a0 \u00a0 \u00a0 \u00a0 \u00a0 \u00a0 \u00a0 \u00a0 \u00a0 \u00a0 \u00a0 \u00a0 \u00a0 \u00a0 \u00a0 \u00a0 \u00a0 \u00a0 \u00a0 \u00a0 \u00a0 \u00a0 \u00a0 \u00a0 \u00a0 \u00a0 \u00a0 \u00a0 \u00a0 \u00a0 \u00a0 \u00a0 \u00a0 \u00a0 \u00a0 \u00a0 \u00a0 \u00a0 \u00a0 \u00a0 \u00a0 \u00a0 \u00a0 \u00a0 \u00a0 \u00a0 \u00a0 \u00a0 \u00a0 \u00a0 \u00a0 \u00a0 \u00a0 \u00a0 \u00a0 \u00a0 \u00a0 \u00a0 \u00a0 \u00a0<\/p>\n<figure id=\"attachment_688\" aria-describedby=\"caption-attachment-688\" style=\"width: 300px\" class=\"wp-caption alignleft\"><a href=\"http:\/\/dev.jary.se\/wp-content\/uploads\/2017\/02\/pump-5.jpg\"><img decoding=\"async\" loading=\"lazy\" class=\"wp-image-688 size-medium\" src=\"http:\/\/dev.jary.se\/wp-content\/uploads\/2017\/02\/pump-5-300x225.jpg\" width=\"300\" height=\"225\" srcset=\"http:\/\/jary.se\/wp-content\/uploads\/2017\/02\/pump-5-300x225.jpg 300w, http:\/\/jary.se\/wp-content\/uploads\/2017\/02\/pump-5.jpg 704w\" sizes=\"(max-width: 300px) 100vw, 300px\" \/><\/a><figcaption id=\"caption-attachment-688\" class=\"wp-caption-text\">D\u00e5 beh\u00f6vs en pump<\/figcaption><\/figure>","protected":false},"excerpt":{"rendered":"<p>Tillbeh\u00f6r \u00a0Vardagscyklingen kan bli till turer i Sverige och Europa. Funktionella och praktiska tillbeh\u00f6r underl\u00e4ttar din f\u00e4rd. \u00a0 \u00a0 \u00a0 \u00a0 \u00a0 \u00a0 \u00a0 \u00a0 \u00a0 \u00a0 \u00a0 \u00a0 \u00a0 \u00a0 \u00a0 \u00a0 \u00a0 \u00a0 \u00a0 \u00a0 \u00a0 \u00a0 \u00a0 \u00a0 \u00a0 \u00a0 \u00a0 \u00a0 \u00a0 \u00a0 \u00a0 \u00a0 \u00a0 \u00a0 \u00a0 \u00a0 \u00a0 \u00a0 &hellip; <\/p>\n<p class=\"link-more\"><a href=\"http:\/\/jary.se\/?page_id=502\" class=\"more-link\">Forts\u00e4tt l\u00e4sa<span class=\"screen-reader-text\"> &#8221;Tillbeh\u00f6r&#8221;<\/span><\/a><\/p>\n","protected":false},"author":1,"featured_media":0,"parent":0,"menu_order":0,"comment_status":"closed","ping_status":"closed","template":"","meta":{"footnotes":""},"_links":{"self":[{"href":"http:\/\/jary.se\/index.php?rest_route=\/wp\/v2\/pages\/502"}],"collection":[{"href":"http:\/\/jary.se\/index.php?rest_route=\/wp\/v2\/pages"}],"about":[{"href":"http:\/\/jary.se\/index.php?rest_route=\/wp\/v2\/types\/page"}],"author":[{"embeddable":true,"href":"http:\/\/jary.se\/index.php?rest_route=\/wp\/v2\/users\/1"}],"replies":[{"embeddable":true,"href":"http:\/\/jary.se\/index.php?rest_route=%2Fwp%2Fv2%2Fcomments&post=502"}],"version-history":[{"count":23,"href":"http:\/\/jary.se\/index.php?rest_route=\/wp\/v2\/pages\/502\/revisions"}],"predecessor-version":[{"id":1394,"href":"http:\/\/jary.se\/index.php?rest_route=\/wp\/v2\/pages\/502\/revisions\/1394"}],"wp:attachment":[{"href":"http:\/\/jary.se\/index.php?rest_route=%2Fwp%2Fv2%2Fmedia&parent=502"}],"curies":[{"name":"wp","href":"https:\/\/api.w.org\/{rel}","templated":true}]}}