{"id":377,"date":"2017-02-05T20:48:32","date_gmt":"2017-02-05T20:48:32","guid":{"rendered":"http:\/\/dev.jary.se\/?page_id=377"},"modified":"2025-09-19T22:01:20","modified_gmt":"2025-09-19T20:01:20","slug":"bullitt","status":"publish","type":"page","link":"http:\/\/jary.se\/?page_id=377","title":{"rendered":"Bullitt"},"content":{"rendered":"\n<p class=\"has-text-align-center\"><strong>Bullitt<\/strong><\/p>\n\n\n\n<figure class=\"wp-block-image size-large\"><img decoding=\"async\" loading=\"lazy\" width=\"1024\" height=\"457\" src=\"http:\/\/jary.se\/wp-content\/uploads\/2025\/09\/Bullitt-race-1024x457.jpeg\" alt=\"\" class=\"wp-image-1440\" srcset=\"http:\/\/jary.se\/wp-content\/uploads\/2025\/09\/Bullitt-race-1024x457.jpeg 1024w, http:\/\/jary.se\/wp-content\/uploads\/2025\/09\/Bullitt-race-300x134.jpeg 300w, http:\/\/jary.se\/wp-content\/uploads\/2025\/09\/Bullitt-race-768x343.jpeg 768w, http:\/\/jary.se\/wp-content\/uploads\/2025\/09\/Bullitt-race-1536x685.jpeg 1536w, http:\/\/jary.se\/wp-content\/uploads\/2025\/09\/Bullitt-race-2048x914.jpeg 2048w\" sizes=\"(max-width: 706px) 89vw, (max-width: 767px) 82vw, 740px\" \/><\/figure>\n\n\n\n<figure class=\"wp-block-image\"><a href=\"http:\/\/dev.jary.se\/wp-content\/uploads\/2017\/02\/bullitt.jpg\"><img decoding=\"async\" loading=\"lazy\" width=\"1000\" height=\"475\" src=\"http:\/\/dev.jary.se\/wp-content\/uploads\/2017\/02\/bullitt.jpg\" alt=\"\" class=\"wp-image-390\" srcset=\"http:\/\/jary.se\/wp-content\/uploads\/2017\/02\/bullitt.jpg 1000w, http:\/\/jary.se\/wp-content\/uploads\/2017\/02\/bullitt-300x143.jpg 300w, http:\/\/jary.se\/wp-content\/uploads\/2017\/02\/bullitt-768x365.jpg 768w\" sizes=\"(max-width: 706px) 89vw, (max-width: 767px) 82vw, 740px\" \/><\/a><\/figure>\n\n\n\n<p class=\"has-text-align-center\"><strong>Bullitt<\/strong> en av v\u00e4rldens snabbaste transportcyklar, det beror ju en del p\u00e5 cyklisten f\u00f6rst\u00e5s.<br> M\u00e5nga cykelbud anv\u00e4nder sig av denna cykel ute i v\u00e4rldens st\u00e4der.<br> En fin\u00a0cykel om du vill g\u00f6ra allvar av att ers\u00e4tta en del av dina biltransporter.<br> N\u00e4r du v\u00e4l b\u00f6rjat finns knappast n\u00e5gra gr\u00e4nser f\u00f6r vad du kan transportera.<\/p>\n\n\n\n<p class=\"has-text-align-center\">Lastytan kan vara ett \u00f6ppet flak eller f\u00f6rses med olika l\u00e5dor eller boxar, varf\u00f6r inte&nbsp;en fin \u00f6verbyggnad f\u00f6r att k\u00f6ra barn v\u00e4derskyddat.<br>\nDu kanske vill bygga n\u00e5got eget.<\/p>\n\n\n\n<p class=\"has-text-align-center\">Kan f\u00e5s med olika utrustningsalternativ i form av v\u00e4xlar och bromsar.<br>\n\u00c4ven med elassistans, d\u00e5 med Shimano Steps.<br>\nDet finns flera f\u00e4rger att v\u00e4lja bland.<\/p>\n\n\n\n<p class=\"has-text-align-center\">Nu finns <strong>Bullitt X<\/strong> som \u00e4r 22 cm l\u00e4ngre, f\u00f6r dig som beh\u00f6ver transportera lite mer<\/p>\n","protected":false},"excerpt":{"rendered":"<p>Bullitt Bullitt en av v\u00e4rldens snabbaste transportcyklar, det beror ju en del p\u00e5 cyklisten f\u00f6rst\u00e5s. M\u00e5nga cykelbud anv\u00e4nder sig av denna cykel ute i v\u00e4rldens st\u00e4der. En fin\u00a0cykel om du vill g\u00f6ra allvar av att ers\u00e4tta en del av dina biltransporter. N\u00e4r du v\u00e4l b\u00f6rjat finns knappast n\u00e5gra gr\u00e4nser f\u00f6r vad du kan transportera. Lastytan &hellip; <\/p>\n<p class=\"link-more\"><a href=\"http:\/\/jary.se\/?page_id=377\" class=\"more-link\">Forts\u00e4tt l\u00e4sa<span class=\"screen-reader-text\"> &#8221;Bullitt&#8221;<\/span><\/a><\/p>\n","protected":false},"author":1,"featured_media":0,"parent":0,"menu_order":0,"comment_status":"closed","ping_status":"closed","template":"","meta":{"footnotes":""},"_links":{"self":[{"href":"http:\/\/jary.se\/index.php?rest_route=\/wp\/v2\/pages\/377"}],"collection":[{"href":"http:\/\/jary.se\/index.php?rest_route=\/wp\/v2\/pages"}],"about":[{"href":"http:\/\/jary.se\/index.php?rest_route=\/wp\/v2\/types\/page"}],"author":[{"embeddable":true,"href":"http:\/\/jary.se\/index.php?rest_route=\/wp\/v2\/users\/1"}],"replies":[{"embeddable":true,"href":"http:\/\/jary.se\/index.php?rest_route=%2Fwp%2Fv2%2Fcomments&post=377"}],"version-history":[{"count":11,"href":"http:\/\/jary.se\/index.php?rest_route=\/wp\/v2\/pages\/377\/revisions"}],"predecessor-version":[{"id":1444,"href":"http:\/\/jary.se\/index.php?rest_route=\/wp\/v2\/pages\/377\/revisions\/1444"}],"wp:attachment":[{"href":"http:\/\/jary.se\/index.php?rest_route=%2Fwp%2Fv2%2Fmedia&parent=377"}],"curies":[{"name":"wp","href":"https:\/\/api.w.org\/{rel}","templated":true}]}}