{"id":243,"date":"2017-01-26T16:02:28","date_gmt":"2017-01-26T16:02:28","guid":{"rendered":"http:\/\/dev.jary.se\/?page_id=243"},"modified":"2024-01-20T23:23:02","modified_gmt":"2024-01-20T22:23:02","slug":"dahon","status":"publish","type":"page","link":"http:\/\/jary.se\/?page_id=243","title":{"rendered":"Dahon"},"content":{"rendered":"\n<p class=\"has-text-align-center\"><strong>Dahon<\/strong><\/p>\n\n\n<p class=\"style1\" style=\"text-align: center;\"><a href=\"http:\/\/dev.jary.se\/wp-content\/uploads\/2017\/01\/dahon-blekinge.jpg\"><img decoding=\"async\" loading=\"lazy\" class=\"size-full wp-image-314 aligncenter\" src=\"http:\/\/dev.jary.se\/wp-content\/uploads\/2017\/01\/dahon-blekinge.jpg\" alt=\"\" width=\"986\" height=\"739\" srcset=\"http:\/\/jary.se\/wp-content\/uploads\/2017\/01\/dahon-blekinge.jpg 986w, http:\/\/jary.se\/wp-content\/uploads\/2017\/01\/dahon-blekinge-300x225.jpg 300w, http:\/\/jary.se\/wp-content\/uploads\/2017\/01\/dahon-blekinge-768x576.jpg 768w\" sizes=\"(max-width: 706px) 89vw, (max-width: 767px) 82vw, 740px\" \/><\/a><\/p>\n<p class=\"style1\" style=\"text-align: center;\"><strong>Dahon<\/strong>, en av v\u00e4rldens st\u00f6rsta tillverkare av vikbara cyklar.<br \/>\nH\u00e4r&nbsp;p\u00e5 tur i den Blekingska sk\u00e4rg\u00e5rden.<\/p>\n<p class=\"style1\" style=\"text-align: center;\">&nbsp;<\/p>\n<p>&nbsp;<\/p>\n<p><a href=\"http:\/\/jary.se\/wp-content\/uploads\/2019\/09\/Dahon-Vybe-i3-2022.jpeg\"><img decoding=\"async\" loading=\"lazy\" class=\"wp-image-902 aligncenter\" src=\"http:\/\/jary.se\/wp-content\/uploads\/2019\/09\/Dahon-Vybe-i3-2022.jpeg\" alt=\"\" width=\"401\" height=\"293\" srcset=\"http:\/\/jary.se\/wp-content\/uploads\/2019\/09\/Dahon-Vybe-i3-2022.jpeg 448w, http:\/\/jary.se\/wp-content\/uploads\/2019\/09\/Dahon-Vybe-i3-2022-300x219.jpeg 300w\" sizes=\"(max-width: 401px) 100vw, 401px\" \/><\/a><\/p>\n<p style=\"text-align: center;\"><strong>Dahon Vybe<\/strong> i3 20&#8243;, utrustad med 3-v\u00e4xlar , handbroms fram o bak,<br \/>\nsk\u00e4rmar, st\u00f6d och paketh\u00e5llare, \u00e4r monterat,<br \/>\nM\u00e5tt hopvikt 67x34x79 cm.&nbsp;<\/p>\n<p class=\"style1\" style=\"text-align: center;\">Vill du ha fler v\u00e4xlar finns <strong>Vitesse <\/strong>med 7 v\u00e4xlar. Utrustad med sk\u00e4rmar st\u00f6d och paketh\u00e5llare<br \/>\n\u00d6nskar du fotbroms finns <strong>Curve<\/strong> med 3 v\u00e4xlar, sk\u00e4rmar, st\u00f6d och paketh\u00e5llsre. Den har \u00e4ven navdynamo, f\u00f6r belysning fram.&nbsp;<\/p>\n<p><img decoding=\"async\" loading=\"lazy\" class=\"size-medium wp-image-1019 aligncenter\" src=\"http:\/\/jary.se\/wp-content\/uploads\/2021\/11\/dahon-eezz-d3-16-dark-blue-1-300x300.jpeg\" alt=\"\" width=\"300\" height=\"300\" srcset=\"http:\/\/jary.se\/wp-content\/uploads\/2021\/11\/dahon-eezz-d3-16-dark-blue-1-300x300.jpeg 300w, http:\/\/jary.se\/wp-content\/uploads\/2021\/11\/dahon-eezz-d3-16-dark-blue-1-150x150.jpeg 150w, http:\/\/jary.se\/wp-content\/uploads\/2021\/11\/dahon-eezz-d3-16-dark-blue-1-100x100.jpeg 100w, http:\/\/jary.se\/wp-content\/uploads\/2021\/11\/dahon-eezz-d3-16-dark-blue-1.jpeg 613w\" sizes=\"(max-width: 300px) 100vw, 300px\" \/><\/p>\n<p style=\"text-align: center;\">Dahon <strong>EEZZ<\/strong> D3 !6&#8243;<br \/>\nCykeln v\u00e4ger strax under 10 kg och har m\u00e5tten 65 x 27 x 62&nbsp; hopf\u00e4lld.<br \/>\nDetta&nbsp; g\u00f6r den lextra \u00e4mplig att ta med d\u00e4r utrymmet \u00e4r begr\u00e4nsat<br \/>\nt.ex. i b\u00e5ten eller husbilen.<br \/>\nDen \u00e4r utrustad med 3 v\u00e4xlar, handbroms fram och bak samt sk\u00e4rmar.<\/p>\n<p>&nbsp;<\/p>","protected":false},"excerpt":{"rendered":"<p>Dahon Dahon, en av v\u00e4rldens st\u00f6rsta tillverkare av vikbara cyklar. H\u00e4r&nbsp;p\u00e5 tur i den Blekingska sk\u00e4rg\u00e5rden. &nbsp; &nbsp; Dahon Vybe i3 20&#8243;, utrustad med 3-v\u00e4xlar , handbroms fram o bak, sk\u00e4rmar, st\u00f6d och paketh\u00e5llare, \u00e4r monterat, M\u00e5tt hopvikt 67x34x79 cm.&nbsp; Vill du ha fler v\u00e4xlar finns Vitesse med 7 v\u00e4xlar. Utrustad med sk\u00e4rmar st\u00f6d och &hellip; <\/p>\n<p class=\"link-more\"><a href=\"http:\/\/jary.se\/?page_id=243\" class=\"more-link\">Forts\u00e4tt l\u00e4sa<span class=\"screen-reader-text\"> &#8221;Dahon&#8221;<\/span><\/a><\/p>\n","protected":false},"author":1,"featured_media":0,"parent":0,"menu_order":0,"comment_status":"closed","ping_status":"closed","template":"","meta":{"footnotes":""},"_links":{"self":[{"href":"http:\/\/jary.se\/index.php?rest_route=\/wp\/v2\/pages\/243"}],"collection":[{"href":"http:\/\/jary.se\/index.php?rest_route=\/wp\/v2\/pages"}],"about":[{"href":"http:\/\/jary.se\/index.php?rest_route=\/wp\/v2\/types\/page"}],"author":[{"embeddable":true,"href":"http:\/\/jary.se\/index.php?rest_route=\/wp\/v2\/users\/1"}],"replies":[{"embeddable":true,"href":"http:\/\/jary.se\/index.php?rest_route=%2Fwp%2Fv2%2Fcomments&post=243"}],"version-history":[{"count":15,"href":"http:\/\/jary.se\/index.php?rest_route=\/wp\/v2\/pages\/243\/revisions"}],"predecessor-version":[{"id":1379,"href":"http:\/\/jary.se\/index.php?rest_route=\/wp\/v2\/pages\/243\/revisions\/1379"}],"wp:attachment":[{"href":"http:\/\/jary.se\/index.php?rest_route=%2Fwp%2Fv2%2Fmedia&parent=243"}],"curies":[{"name":"wp","href":"https:\/\/api.w.org\/{rel}","templated":true}]}}

<p class="has-text-align-center"><strong>Dahon</strong></p>


<p class="style1" style="text-align: center;"><a href="http://dev.jary.se/wp-content/uploads/2017/01/dahon-blekinge.jpg"><img decoding="async" loading="lazy" class="size-full wp-image-314 aligncenter" src="http://dev.jary.se/wp-content/uploads/2017/01/dahon-blekinge.jpg" alt="" width="986" height="739" srcset="http://jary.se/wp-content/uploads/2017/01/dahon-blekinge.jpg 986w, http://jary.se/wp-content/uploads/2017/01/dahon-blekinge-300x225.jpg 300w, http://jary.se/wp-content/uploads/2017/01/dahon-blekinge-768x576.jpg 768w" sizes="(max-width: 706px) 89vw, (max-width: 767px) 82vw, 740px" /></a></p>
<p class="style1" style="text-align: center;"><strong>Dahon</strong>, en av världens största tillverkare av vikbara cyklar.<br />
Här&nbsp;på tur i den Blekingska skärgården.</p>
<p class="style1" style="text-align: center;">&nbsp;</p>
<p>&nbsp;</p>
<p><a href="http://jary.se/wp-content/uploads/2019/09/Dahon-Vybe-i3-2022.jpeg"><img decoding="async" loading="lazy" class="wp-image-902 aligncenter" src="http://jary.se/wp-content/uploads/2019/09/Dahon-Vybe-i3-2022.jpeg" alt="" width="401" height="293" srcset="http://jary.se/wp-content/uploads/2019/09/Dahon-Vybe-i3-2022.jpeg 448w, http://jary.se/wp-content/uploads/2019/09/Dahon-Vybe-i3-2022-300x219.jpeg 300w" sizes="(max-width: 401px) 100vw, 401px" /></a></p>
<p style="text-align: center;"><strong>Dahon Vybe</strong> i3 20&#8243;, utrustad med 3-växlar , handbroms fram o bak,<br />
skärmar, stöd och pakethållare, är monterat,<br />
Mått hopvikt 67x34x79 cm.&nbsp;</p>
<p class="style1" style="text-align: center;">Vill du ha fler växlar finns <strong>Vitesse </strong>med 7 växlar. Utrustad med skärmar stöd och pakethållare<br />
Önskar du fotbroms finns <strong>Curve</strong> med 3 växlar, skärmar, stöd och pakethållsre. Den har även navdynamo, för belysning fram.&nbsp;</p>
<p><img decoding="async" loading="lazy" class="size-medium wp-image-1019 aligncenter" src="http://jary.se/wp-content/uploads/2021/11/dahon-eezz-d3-16-dark-blue-1-300x300.jpeg" alt="" width="300" height="300" srcset="http://jary.se/wp-content/uploads/2021/11/dahon-eezz-d3-16-dark-blue-1-300x300.jpeg 300w, http://jary.se/wp-content/uploads/2021/11/dahon-eezz-d3-16-dark-blue-1-150x150.jpeg 150w, http://jary.se/wp-content/uploads/2021/11/dahon-eezz-d3-16-dark-blue-1-100x100.jpeg 100w, http://jary.se/wp-content/uploads/2021/11/dahon-eezz-d3-16-dark-blue-1.jpeg 613w" sizes="(max-width: 300px) 100vw, 300px" /></p>
<p style="text-align: center;">Dahon <strong>EEZZ</strong> D3 !6&#8243;<br />
Cykeln väger strax under 10 kg och har måtten 65 x 27 x 62&nbsp; hopfälld.<br />
Detta&nbsp; gör den lextra ämplig att ta med där utrymmet är begränsat<br />
t.ex. i båten eller husbilen.<br />
Den är utrustad med 3 växlar, handbroms fram och bak samt skärmar.</p>
<p>&nbsp;</p>

<p>Dahon Dahon, en av världens största tillverkare av vikbara cyklar. Här&nbsp;på tur i den Blekingska skärgården. &nbsp; &nbsp; Dahon Vybe i3 20&#8243;, utrustad med 3-växlar , handbroms fram o bak, skärmar, stöd och pakethållare, är monterat, Mått hopvikt 67x34x79 cm.&nbsp; Vill du ha fler växlar finns Vitesse med 7 växlar. Utrustad med skärmar stöd och &hellip; </p>
<p class="link-more"><a href="http://jary.se/?page_id=243" class="more-link">Fortsätt läsa<span class="screen-reader-text"> &#8221;Dahon&#8221;</span></a></p>
